8. Let v = 1453 + w. Suppose -y + 44 = -v. Is y prime?
False
Suppose -10*a + 4*c + 771376 = 0, 6 = 5*c + 1. Is a prime?
False
Let w = -215 - -3. Let c = -123 - w. Is c prime?
True
Let q(y) = 59*y**2 - 166*y + 140. Is q(27) prime?
True
Is (13 + -17)/(((-2)/5)/(1009384/40)) composite?
True
Suppose -15*m + 212045 + 45655 = -211905. Is m a prime number?
True
Suppose 29*n - 1042359 = 929438. Is n a prime number?
True
Suppose 2*z = 3*l - 194, 2*z + 2*z = l - 58. Let j = -860 - -863. Suppose j*p - 4*x - 703 = -l, -4*x = -4*p + 848. Is p composite?
False
Suppose -33*r - 803584 = -4943401. Is r a prime number?
False
Let y(z) = 3568*z + 42. Let r be y(2). Let m = r - 2631. Is m a prime number?
True
Let k = 11423 + -7499. Let y = k + 185. Is y a prime number?
False
Let f = 10390 + -1146. Is (f/8 - 2)/((-6)/(-20)) prime?
False
Suppose -2*g = -7 + 3. Let z(u) = 2*u - 1571*u**3 + 1583*u**3 - u**2 + 3*u**2 - 4*u**2 - 3. Is z(g) a composite number?
False
Let y(v) = -5*v**3 - 2*v**2 - v. Let h be y(-1). Let l = -4 + h. Suppose l*j - 5036 = -4*j. Is j prime?
True
Let r(q) = 40*q**2 - 531*q + 188. Is r(66) composite?
True
Suppose 11*o = 14*o - 324. Suppose 4*b + 4 = 2*s, -5*s + 0*b + 10 = -5*b. Suppose 0 = 3*i - c - o, -4*i + s*c = 4*c - 154. Is i composite?
False
Let f = -35 - -39. Suppose -3*a - i + 16 = 0, 0 = f*i - 7 - 9. Suppose a*k + 4784 + 1034 = 3*j, 0 = -3*j - 5*k + 5836. Is j composite?
True
Is -48 + 25 - -31 - (-123942)/2 a prime number?
True
Let u = -139 + 135. Is 4397 - 4 - (-2 - u) composite?
False
Let x(t) be the second derivative of -19*t**6/240 + 23*t**5/120 + 5*t**4/4 - 21*t. Let z(j) be the third derivative of x(j). Is z(-8) prime?
True
Suppose -6 = -c - c - g, -16 = -4*g. Let r be 1*4349*c - (34 + -36). Suppose -3*s = 2*h - 1117 - 612, r = 5*h - 2*s. Is h a prime number?
False
Let m = 4711457 - -142260. Is m a prime number?
False
Suppose 3*f - 4*u = 12, f + 2*u - 2 = -8. Let r(c) = -c + 1850. Let p be r(f). Let z = p + -573. Is z a prime number?
True
Let k(j) = -12066*j + 82. Let h be k(-8). Suppose 0 = 3*l - 13*l + h. Is l prime?
True
Let g(d) = -9221*d + 1924. Is g(-21) prime?
False
Suppose -5*z + z = 4*u + 212, -5*z - 249 = -3*u. Let f = z - -31. Is (-362)/((f/(-15))/(-2)) a composite number?
True
Let o(j) = 357*j + 1111. Is o(58) composite?
False
Suppose -82*p = -179302 - 3675588 - 1662808. Is p a composite number?
False
Let c = 786 + -784. Let f(v) = -v**2 + 10*v. Let d be f(10). Suppose q + 1 = d, -2*h + 7*h - c*q = 3497. Is h composite?
True
Let h = -12 + 15. Suppose -i = h*y - 17, 2*i - 2 + 13 = 3*y. Let p(x) = 11*x**3 + x**2 - 8*x + 1. Is p(y) a prime number?
True
Let g(y) = -1486*y - 46. Let j be g(-9). Let b be j/12*1*12/2. Suppose -x - 3*x = 4*n - b, 3*x = n - 1678. Is n a prime number?
True
Suppose -4*j = 3*j - j. Suppose 5*h + 3*f - 62180 = j, -3*h + 4*f + 25337 + 12000 = 0. Is h a prime number?
False
Let l = 169502 + -84611. Is l prime?
False
Suppose 7*p = 13449 + 5010. Let q = 5988 - p. Is q a composite number?
True
Let i(s) = -344*s - 1374. Let b be i(-4). Let z be (-3 - -1) + 1 - 20. Let a = b - z. Is a a composite number?
False
Let f(j) = 32*j**2 + 7*j + 1. Let y be f(7). Suppose 5*r = -z - y, -3*r + 5*z - 954 = -0*r. Let g = r - -454. Is g a prime number?
True
Suppose 80 = 4*c + 2*x, -c + 6*c - 2*x = 82. Suppose 3*t + 7890 = c*t. Is t prime?
False
Suppose 30*n - 5083955 = -462316 + 1783091. Is n a composite number?
False
Let b(z) be the third derivative of 1443*z**5/20 + 7*z**4/24 + 3*z**3/2 - 33*z**2. Is b(-2) composite?
True
Let k = 484774 + -285677. Is k composite?
True
Suppose 126*z - 232 = 1406. Let b be (-20)/6 + 1/3. Is ((-11557)/2)/z*(b + 1) composite?
True
Let c(r) = -1674*r + 21. Let p be c(-15). Suppose t + p = 4*v - 4*t, -2*v + 2*t = -12568. Is v prime?
False
Suppose -3*p - 3*s - 24825 = -106401, 81570 = 3*p - 3*s. Is p prime?
True
Let j(v) = v**3 + 5*v**2 + 5*v + 9. Let r be j(-4). Suppose 6546 = 5*p - 2*w, p - r*p = -4*w - 5244. Let g = 3209 - p. Is g a composite number?
False
Let y(s) = 359*s**2 - 52*s + 396. Is y(7) composite?
False
Suppose d = p + 6, 4*d - 3*p = -p + 16. Suppose -d*n + 5 = 3*s - 0, -3*s = -4*n + 19. Suppose 9*l - n*l = -2*v + 5533, 0 = 3*v + 5*l - 8292. Is v prime?
False
Let k(q) = -87*q - 95*q + 284*q + 103. Is k(30) a composite number?
False
Let j be (-28)/8*12/(-21). Let z(u) = -159*u**2 - 2*u - 1. Let k be z(j). Let d = 934 + k. Is d a composite number?
False
Suppose 10*k = -27119 + 70397 + 91492. Is k a composite number?
False
Let x(a) = 1221*a**2 - 7*a + 5. Suppose 0 = -5*i + 2*w - 11 + 8, 0 = -3*i + 4*w - 13. Is x(i) a composite number?
True
Let n = 962411 + -636118. Is n a composite number?
True
Let p(q) = -46873*q**3 - 2*q**2 - 4*q - 3. Let n be p(-1). Is n/6 + 7 + -2 composite?
False
Let n(p) be the third derivative of p**5/60 + 5*p**4/24 - 7*p**3/6 + 11*p**2. Let z be n(-4). Let i(t) = t**3 + 12*t**2 + 6*t - 22. Is i(z) composite?
True
Let a(v) be the third derivative of v**5/12 + 37*v**4/24 + 15*v**3/2 - 9*v**2 + 3*v. Is a(-23) a prime number?
False
Suppose i - n - 473744 = -4*i, 5*i = 5*n + 473760. Let c = -64349 + i. Is c prime?
False
Suppose 123*m = 298*m - 130*m - 36299655. Is m a composite number?
True
Suppose 0 = -355*r - 71*r + 20917878. Is r a prime number?
True
Let c(i) = -403*i**2 - 17*i - 1. Let m be c(-3). Let x = 11326 - m. Is x a prime number?
False
Let z be 4689/6 - (108/8)/9. Let r = z + -451. Suppose 8*s = 7*s + r. Is s composite?
True
Suppose f = 2*x + 158092 + 124241, 0 = -5*f + 3*x + 1411644. Is f a prime number?
False
Let q be 7528/(-18) + (-34)/(-153). Is (-27 + 26)/(2/q) composite?
True
Let o(c) = -11289*c - 1598. Is o(-8) composite?
True
Let d = 159781 + -71948. Is d a prime number?
True
Let q(z) = 22*z + 5. Let t be q(1). Suppose 0 = 26*b - t*b + 45. Suppose -47*f + 166 = -b*f. Is f a composite number?
False
Suppose -48*d + 706402 = -46*d + 5*h, 1412804 = 4*d + 3*h. Is d composite?
False
Let m be -1 + -5 + -1 + 3 - -10. Is 8098/(m/27 - (-96)/54) prime?
True
Let r be 2563/13 + 22/(-143). Let y be r*1 + (13 - 12). Suppose 2*z - y = 204. Is z prime?
False
Suppose 122782 = -5179*j + 5190*j. Is j prime?
False
Let f(i) = -i**2 + 2*i**2 + 19*i - 25*i - 4. Let t be f(7). Suppose 180 = 5*c - 5*q, -34 = -c - 0*c + t*q. Is c a prime number?
True
Let c(v) = -v**3 - 3*v**2 + 14*v - 9. Let i be c(-6). Let x(d) = 2*d**3 + 15*d**2 - 68*d + 16. Is x(i) a composite number?
True
Suppose -a + 5*p + 17 = 0, -3*p - 8 = -a - p. Suppose -g = a*d - 10, 0*d + 3*g - 3 = 3*d. Is -254*(d + (-7)/2 - 0) a prime number?
True
Let c = 4124 - 2013. Suppose 4*h + 0*h + 3*n + 15 = 0, -2*n - 10 = 0. Suppose -2*r + 3501 = 5*p, h*p - 3*p = -4*r - c. Is p prime?
True
Suppose 199*u - 220*u + 983246 = -1475875. Is u prime?
True
Is 3637161/44 - 26 - 2/(-8) a prime number?
False
Let g(o) = 355*o - 18. Let f(l) = l**2. Let q be f(-2). Is g(q) a composite number?
True
Let p = 41 + -30. Let w(s) = 18*s - 7. Let b(n) = -35*n + 13. Let o(m) = p*w(m) + 6*b(m). Is o(-13) a composite number?
False
Is ((-252634)/(-12))/(18/(-1404)*-13) a composite number?
False
Suppose 2*r - 3*j - 6265 = -3*r, -4*r + 3*j = -5015. Suppose 0 = -3*n + 9959 - r. Is n a composite number?
False
Suppose -7*w = -527 - 649. Suppose 0 = 7*g - 5*g + 4*k - 64, w = 5*g + 2*k. Is g a prime number?
False
Suppose -2*l + 3 = -5*h - 2, 3*h + 3 = 4*l. Let p(i) = 291 + 0*i - i + 3*i - i. Is p(l) prime?
False
Suppose -116*v + 8158132 - 851587 = -10114219. Is v a composite number?
True
Let k(d) = -2*d**3 - 4*d**2 - d + 3. Let v be k(-2). Suppose -15 = -v*o + 5, -2*m - 4*o + 120 = 0. Suppose -m*u = -55*u + 447. Is u a prime number?
True
Suppose -40*z + 9792411 + 47654189 = 0. Is z composite?
True
Let n be (-4 + 3)*-1 - (4 + -1). Is (-1)/(-4)*(5598 + n) a prime number?
True
Suppose 0 = 252*v - 203*v - 40882709. Is v a prime number?
True
Let i = -583 - -1227. Suppose 0*g = 7*g - i. Suppose g = 3*x - 1309. Is x prime?
True
Let j(p) = -1625*p**3 - p**2 - 3*p - 4. Is j(-1) composite?
True
Let i(p) = 52280*p - 4401. Is i(15) a prime number?
False
Let d(q) = 41*q**2 - q. Suppose 14 = -4*g - 6. Let b = g - -3. Is d(b) prime?
False
Let w(f) = f**3 - 11*f**2 - 26*f + 7. Let c be w(13). Let s = c - 5. Suppose s*g = 6*g - 2332. Is g a composite number?